
250
What is the remainder when 2961 is divided by 21?
0
Calculate the remainder when 71873 is divided by 121.
120
Calculate the remainder when 44162 is divided by 11.
8
Calculate the remainder when 199243 is divided by 359.
357
Calculate the remainder when 27775 is divided by 2314.
7
Calculate the remainder when 353038 is divided by 88257.
10
What is the remainder when 25391 is divided by 215?
21
Calculate the remainder when 77085 is divided by 2267.
7
What is the remainder when 4691 is divided by 670?
1
What is the remainder when 25938 is divided by 12590?
758
What is the remainder when 152541 is divided by 580?
1
Calculate the remainder when 67652 is divided by 13522.
42
What is the remainder when 16151 is divided by 17?
1
Calculate the remainder when 432336 is divided by 111.
102
Calculate the remainder when 1355 is divided by 324.
59
Calculate the remainder when 14153 is divided by 784.
41
What is the remainder when 2022 is divided by 43?
1
Calculate the remainder when 390065 is divided by 31.
23
Calculate the remainder when 4717 is divided by 224.
13
What is the remainder when 744104 is divided by 118?
114
Calculate the remainder when 19679 is divided by 3934.
9
What is the remainder when 35411 is divided by 64?
19
Calculate the remainder when 81788 is divided by 72.
68
What is the remainder when 4138 is divided by 515?
18
What is the remainder when 105489 is divided by 15?
9
What is the remainder when 3296 is divided by 254?
248
What is the remainder when 6583 is divided by 143?
5
Calculate the remainder when 7981 is divided by 17.
8
What is the remainder when 13970 is divided by 51?
47
Calculate the remainder when 20159 is divided by 21.
20
Calculate the remainder when 3238 is divided by 170.
8
What is the remainder when 66845 is divided by 500?
345
What is the remainder when 7806 is divided by 234?
84
Calculate the remainder when 5791 is divided by 871.
565
Calculate the remainder when 252 is divided by 125.
2
What is the remainder when 11604 is divided by 2848?
212
Calculate the remainder when 504 is divided by 98.
14
Calculate the remainder when 1403 is divided by 603.
197
What is the remainder when 43019 is divided by 142?
135
Calculate the remainder when 334920 is divided by 153.
3
What is the remainder when 3686 is divided by 1216?
38
Calculate the remainder when 42803 is divided by 424.
403
What is the remainder when 3770 is divided by 32?
26
What is the remainder when 8277 is divided by 190?
107
Calculate the remainder when 5105658 is divided by 20.
18
What is the remainder when 796 is divided by 780?
16
What is the remainder when 14123 is divided by 181?
5
Calculate the remainder when 226455 is divided by 46.
43
What is the remainder when 55789 is divided by 115?
14
Calculate the remainder when 3848 is divided by 256.
8
What is the remainder when 126717 is divided by 44?
41
What is the remainder when 4167 is divided by 54?
9
Calculate the remainder when 260541 is divided by 158.
157
Calculate the remainder when 19033 is divided by 115.
58
Calculate the remainder when 16833 is divided by 138.
135
What is the remainder when 4225 is divided by 2061?
103
What is the remainder when 8904 is divided by 122?
120
Calculate the remainder when 283150 is divided by 16.
14
Calculate the remainder when 146271 is divided by 107.
2
Calculate the remainder when 5697 is divided by 97.
71
What is the remainder when 155602 is divided by 12?
10
Calculate the remainder when 5267 is divided by 5182.
85
Calculate the remainder when 1791 is divided by 254.
13
Calculate the remainder when 2364 is divided by 2353.
11
What is the remainder when 2595 is divided by 121?
54
What is the remainder when 19809 is divided by 4947?
21
What is the remainder when 55646 is divided by 35?
31
Calculate the remainder when 3417 is divided by 26.
11
Calculate the remainder when 2066 is divided by 87.
65
Calculate the remainder when 28573 is divided by 3567.
37
Calculate the remainder when 140 is divided by 126.
14
Calculate the remainder when 1816 is divided by 1804.
12
What is the remainder when 3153 is divided by 1157?
839
What is the remainder when 4152 is divided by 809?
107
Calculate the remainder when 38293 is divided by 9571.
9
What is the remainder when 1622285 is divided by 2129?
2116
What is the remainder when 1206 is divided by 103?
73
What is the remainder when 133495 is divided by 91?
89
Calculate the remainder when 2244 is divided by 727.
63
What is the remainder when 4285 is divided by 75?
10
Calculate the remainder when 22858 is divided by 42.
10
Calculate the remainder when 1916 is divided by 47.
36
What is the remainder when 289064 is divided by 96353?
5
Calculate the remainder when 3038 is divided by 664.
382
What is the remainder when 11643 is divided by 127?
86
What is the remainder when 2664 is divided by 890?
884
Calculate the remainder when 142379 is divided by 60.
59
Calculate the remainder when 300224 is divided by 300182.
42
What is the remainder when 26065 is divided by 38?
35
Calculate the remainder when 5576 is divided by 653.
352
Calculate the remainder when 38151 is divided by 251.
250
Calculate the remainder when 6431 is divided by 99.
95
What is the remainder when 127419 is divided by 30?
9
Calculate the remainder when 435066 is divided by 528.
522
Calculate the remainder when 15894 is divided by 1134.
18
What is the remainder when 3684048 is divided by 63?
60
What is the remainder when 12442 is divided by 68?
66
What is the remainder when 6877 is divided by 2289?
10
Calculate the remainder when 4675 is divided by 224.
195
What is the remainder when 1370331 is divided by 177?
174
What is the remainder when 6419 is divided by 347?
173
What is the remainder when 2394 is divided by 596?
10
What is the remainder when 780775 is divided by 1365?
1360
Calculate the remainder when 6117 is divided by 3056.
5
Calculate the remainder when 23380 is divided by 32.
20
Calculate the remainder when 255302 is divided by 8.
6
Calculate the remainder when 61535 is divided by 2797.
1
What is the remainder when 159961 is divided by 79887?
187
What is the remainder when 1733 is divided by 613?
507
What is the remainder when 2153 is divided by 23?
14
Calculate the remainder when 7617862 is divided by 671.
670
Calculate the remainder when 2049 is divided by 292.
5
What is the remainder when 341431 is divided by 88?
79
Calculate the remainder when 1936 is divided by 8.
0
Calculate the remainder when 9100 is divided by 1556.
1320
Calculate the remainder when 22120 is divided by 46.
40
Calculate the remainder when 10366 is divided by 12.
10
What is the remainder when 315022 is divided by 24?
22
What is the remainder when 87822 is divided by 29274?
0
What is the remainder when 43411 is divided by 488?
467
What is the remainder when 101271 is divided by 33753?
12
Calculate the remainder when 1251 is divided by 37.
30
What is the remainder when 22656 is divided by 7548?
12
Calculate the remainder when 19198 is divided by 66.
58
What is the remainder when 47925 is divided by 23?
16
What is the remainder when 3251 is divided by 537?
29
What is the remainder when 42504 is divided by 390?
384
What is the remainder when 3451 is divided by 1129?
64
Calculate the remainder when 6413 is divided by 530.
53
Calculate the remainder when 29096 is divided by 27.
17
What is the remainder when 11170 is divided by 66?
16
Calculate the remainder when 20130 is divided by 334.
90
What is the remainder when 63111 is divided by 314?
311
Calculate the remainder when 10526 is divided by 16.
14
What is the remainder when 97610 is divided by 723?
5
Calculate the remainder when 27551 is divided by 5489.
106
What is the remainder when 1246 is divided by 1233?
13
Calculate the remainder when 9150 is divided by 9117.
33
What is the remainder when 1053 is divided by 66?
63
Calculate the remainder when 1154642 is divided by 4811.
2
What is the remainder when 53754 is divided by 1493?
6
What is the remainder when 19029 is divided by 62?
57
What is the remainder when 3671 is divided by 310?
261
Calculate the remainder when 4488 is divided by 265.
248
What is the remainder when 221 is divided by 216?
5
Calculate the remainder when 69443 is divided by 25.
18
Calculate the remainder when 106721 is